me?
False
Let t(s) = 3*s - 5*s - 4*s - 13. Is t(-15) composite?
True
Let u be (16/4)/4*0. Suppose 4*r - 7*r + 1644 = u. Suppose -5*l + r = 2*a, 3*l + 484 = 4*a - 586. Is a a composite number?
False
Let o = 22068 - 14954. Suppose 2*t = 5*w - 2*t - 17785, 2*t - o = -2*w. Is w composite?
False
Suppose -3*n - 2*t = -7817, t + 628 = 3*n - 7177. Is n a composite number?
True
Let j(m) = -2*m**3 + 8*m**2 + 8*m - 25. Is j(4) composite?
False
Let l be (1 + -1)*(-4)/(-12). Suppose -4*c + 2*c = 10, l = -5*g + 4*c + 4555. Is g composite?
False
Let z be 6/1*7/3. Let w = 14 - z. Suppose -2*a - 5 + 823 = w. Is a a prime number?
True
Suppose -3*n + 4*c + 73 = 2*c, 4*n - 84 = -4*c. Suppose -19*k - 6212 = -n*k. Is k a prime number?
True
Let q(z) = -737*z**3 - 2*z**2 + 4*z + 5. Let y be q(-2). Let d be (-1)/(-2) - y/(-10). Suppose -3*w - d = -4*w. Is w a composite number?
True
Is -2*(-20652)/72*33 composite?
True
Let n(p) = 7*p - 15*p + 2*p + 7*p + 7*p**2 - 15. Is n(-11) composite?
False
Let c = -3 + -2. Let h(v) = -6*v + 6*v + 5*v**2 - 4. Is h(c) composite?
True
Let q(r) = -r + 2. Let v be q(0). Suppose 17 = v*b - 149. Is b prime?
True
Let c(s) = 2*s**3 - 10*s**2 + 7*s + 39. Is c(20) prime?
False
Let p = 33 + -28. Suppose 501 = p*x - 2014. Is x a prime number?
True
Let m = 6 - 1. Suppose -21 = m*h - 2*h. Let i(a) = a**3 + 7*a**2 - 6*a - 7. Is i(h) a prime number?
False
Let d = -33 - -40. Suppose 2465 + 1049 = d*w. Is w composite?
True
Suppose 15 = -5*g, 15*j - 14*j = -g + 6403. Is j prime?
False
Let g(n) = 25*n + 4. Suppose -2*c + 3*c - 5 = 0. Suppose -c*m = -4*i + 37, i + 5*m - 67 = -3*i. Is g(i) a prime number?
False
Let f(o) = -o**2 - 6*o - 7. Let n be f(-4). Suppose 0 = 3*c - 3*k - 3, -5*c + 5*k - 4*k = -n. Is (c - -4) + (-12)/(-4) a composite number?
False
Suppose 3*t - 12 = 3*x, -3*t - 4*x + 20 = x. Suppose m = -1 + t. Suppose m*o = -4, -l - 119 = -3*l + o. Is l composite?
False
Let u = 81775 + -40662. Is u a composite number?
False
Let l(m) = -2*m**3 - 2*m**2 - 5*m + 10. Let t(f) = f**3 - 3*f**2 - 5*f - 1. Let u be t(4). Is l(u) prime?
False
Suppose -37*j + 32*j + 4065 = 0. Is j composite?
True
Let j = 53 + -31. Let y(t) = -8*t - 93. Let n be y(-10). Let a = j + n. Is a prime?
False
Suppose -522 = 2*s - 3532. Let f = 2126 - s. Is f + (-1 - (-2 + -1)) a composite number?
True
Is 4390/(-6)*(-3 + 6 + -6) prime?
False
Let v(i) = 85*i**2 - 307*i - 37. Is v(15) prime?
False
Let n(k) = -10*k**3 - 13*k - 14. Let d be n(-9). Suppose -8 = 4*t + 12, -4*l + t + d = 0. Is l composite?
False
Suppose -5*k = 240 - 1825. Suppose k = x - 1088. Is x composite?
True
Suppose -82*t + 16394 = -75*t. Is t prime?
False
Suppose 2*r - k = 0, -2*r + 3*k + 22 = -7*r. Is r/3 - 7773/(-9) composite?
False
Suppose 4*f = x + 11463, -20*f + 24*f - 7*x = 11433. Is f composite?
True
Suppose -10*f - 3*f = -9581. Suppose i - 234 = f. Is i a composite number?
False
Suppose h - 5380 = -2*h - u, -2*u = -5*h + 8963. Is h a prime number?
False
Let r be (8/(-2))/((-2)/15). Is ((-18)/r - (-254)/40)*4 a composite number?
False
Let n(b) = 14*b**2 + 18*b - 9. Is n(-32) a composite number?
False
Suppose 0 = 39*g - 38*g - 5*a - 86288, 5*a = -5*g + 431290. Is g a composite number?
False
Is ((-3)/6)/(6*9/(-831276)) composite?
True
Let y(m) = -m**3 - m**2. Let q(p) = 16*p**3 + 8*p**2 + 2*p + 3. Let r(s) = -q(s) - 4*y(s). Is r(-4) prime?
True
Let b be ((-65)/(-52))/(-2*(-1)/8). Suppose b*u = -u + 15684. Is u a composite number?
True
Suppose -4*a + 33881 - 3657 = 4*o, 30249 = 4*o - a. Is o a composite number?
False
Let g(r) = 12*r + 18439. Is g(0) a prime number?
True
Let u(b) = -b - 11. Let i be u(-13). Suppose 4*r + 1359 = 3*s, i*r + 272 = 3*s - 1081. Is s a prime number?
True
Let w = 6148 + -4362. Let a = w + -935. Is a prime?
False
Let t(r) = 23*r**3 + 2*r**2 + r. Let s be t(-1). Let q = -17 - s. Is 4/(-10) + 637/q a prime number?
True
Let j be (-10)/15 + (-4)/(-6). Suppose j = -3*m + 5*q + 245, -4*m - 5*q = -0*m - 385. Let v = 347 - m. Is v prime?
True
Let o(n) = -21*n + 16. Let g be o(-19). Suppose 4*w - g = -167. Is w a prime number?
False
Suppose 3*a - 3 = 4*m - 86, -10 = 2*a. Suppose m*r + 3178 = 15537. Is r prime?
True
Is (-2748805)/(-105) - 36/378 a prime number?
False
Is 1 - -1651 - (-270)/54 prime?
True
Suppose 9*l = -2*l + 182017. Is l a composite number?
False
Suppose -12*c + 8 = -8*c. Suppose 0 = 5*u - 3*f - 629, 0 = 5*u - 0*f + c*f - 639. Is u a composite number?
False
Let r(v) = -2270*v - 329. Is r(-6) a composite number?
False
Is 551559/(-185)*(-95)/3 a composite number?
True
Is 2/(-2)*(-93 - 7021) a prime number?
False
Suppose 0 = 18*z - 22*z + 20, -5*u + 3*z = -12170. Is u composite?
False
Suppose -8 = -4*h - 0*d + 4*d, 2*h = 5*d + 1. Suppose -4*x + 165 = -h*x - 2*w, 20 = -5*w. Is x a prime number?
True
Let g = -293 + -497. Let n = -605 + 68. Let p = n - g. Is p a composite number?
True
Suppose -4*s - 17*s + 188979 = 0. Is s prime?
True
Let n(s) = 13*s**3 - 3*s**2 + 29*s - 13. Let c(v) = -7*v**3 + 2*v**2 - 15*v + 7. Let o = 4 - 10. Let k(m) = o*n(m) - 11*c(m). Is k(-7) a composite number?
False
Let y(b) be the third derivative of -b**6/120 + 7*b**5/60 - 2*b**3/3 + 3*b**2. Let t be y(7). Is 1/t + (-1306)/(-8) composite?
False
Suppose 4*l + l = 25. Let q(w) = w**3 - 5*w**2 + 2. Let m be q(l). Suppose 0 = m*h - 5*k - 118, h + 3*k + 208 = 5*h. Is h a composite number?
True
Let m(a) = 3*a - 8. Let p be m(4). Suppose p*y - 1093 = -29. Suppose 5*l - 2*r = 2*r + 665, 2*l = -3*r + y. Is l a prime number?
False
Suppose -4 - 8 = -r. Suppose 10*y - 13*y - r = 0. Is y/(24/(-21))*274 prime?
False
Let q be (450/4)/((-14)/280). Is 14/49 + q/(-14) a composite number?
True
Suppose 2*v - 3849 = v. Suppose 4*q - v = -5*i, i = -0*i - 3*q + 772. Is i prime?
True
Is -27831*(20/30)/(-2) composite?
False
Let g(c) = -c - 1. Let f(t) = -30. Let k(y) = -f(y) + 3*g(y). Let b be k(12). Let j(n) = -2*n**3 - 5*n**2 + 6. Is j(b) composite?
True
Suppose 0 = -12*t - 2431 + 29347. Is t composite?
False
Let r = -43 + -13. Let b be r/(-6)*(-6)/(-4). Suppose -p = p - b. Is p a prime number?
True
Let i be (2 + -2 + -1)*0. Let x be i/(-1 - -5 - 3). Suppose -5*o + 3*o + 422 = x. Is o composite?
False
Suppose -5*f + 2*i = -2*i - 23, 3*f - 5*i = 19. Suppose -4*y = -2*u + 1760, 2*y = 5*u - f*u - 1752. Let s = 243 + u. Is s a composite number?
True
Let y(j) = 130*j**2 + 6*j + 25. Is y(-7) a prime number?
True
Let k be 18/30 + (-84)/15. Is ((-670)/6)/k*3 a prime number?
True
Let a(c) = 19*c**2 - c - 2. Let l be a(-3). Suppose 5*n - 5*x - 2372 = -l, -n + 431 = -4*x. Is n composite?
False
Let r = 720 + 5527. Is r a prime number?
True
Let a(g) = 1 - 2 + 2 - 141*g + 0. Is a(-4) prime?
False
Let i(y) = -1510*y + 123. Is i(-11) prime?
False
Suppose -4*i + 8 = 0, -r + 2836 = -5*i - 1349. Let p = -2114 + r. Is p a prime number?
True
Suppose 2*w = 6*w - 8. Let c(l) be the second derivative of l**5/5 - l**4/12 + l**3/2 - l**2/2 - 18*l. Is c(w) a prime number?
False
Suppose 4*l + 16 = 4. Let u(c) = -24*c**2 - 6*c - 4. Let o(b) = -24*b**2 - 5*b - 4. Let a(s) = l*o(s) + 2*u(s). Is a(-3) a prime number?
True
Let w be (-3 - (-32)/12)/(1/(-6)). Let o(x) = 5*x**3 - 2*x + 1. Is o(w) a composite number?
False
Suppose 26575 = 5*i - 4*o - 18032, 2*i = -5*o + 17856. Is i a composite number?
False
Let h = 3 - 5. Let r(l) = -l**2 - l - 2. Let d be r(h). Let k(p) = -16*p + 5. Is k(d) prime?
False
Let d(k) = -49*k + 19. Let l(q) = -73*q + 29. Let u(i) = -8*d(i) + 5*l(i). Let g be u(3). Let h = 15 + g. Is h composite?
False
Is (12/48)/((-1)/(-13592)) prime?
False
Suppose -5*a - s + 2164 = -a, -2*a + 4*s = -1082. Let y = -210 + a. Is y a composite number?
False
Let i(j) = 157*j + 38. Let z be i(6). Suppose z = 4*s - 1536. Is s composite?
True
Let z(v) = 895*v**2 - 44*v - 17. Is z(-6) a composite number?
False
Let a(m) = -m + 46. Let n be a(0). Suppose z + 0*z - n = 0. Suppose -g + 3*c + z = 0, g + 4*c - 190 = -2*g. Is g a composite number?
True
Suppose -827 = -2*j + c, -j + 412 = 4*c - 24. Suppose 327 = q - j. Is q prime?
True
Suppose 3146 + 11475 = z. Is z composite?
False
Suppose -41207 = -5*t + 4938. Is t prime?
False
Let d = 1005 + -2137. Suppose -2*s = -s + 591. Let l = s - d. Is l a composite number?
False
Let r(k) = -29*k - 105. Let m be r(-33). Let u